Let r be (-42)/(-9)*(-18)/(-21). Suppose -2*p - r = -3*x, 3*p - 2*x = p - 2. Let q(f) = -f**2 + f - 1. Calculate q(p).
-1
Suppose 5*x + 32 = -4*i + 3*x, -5*x = 10. Let t(n) = -n**3 - 8*n**2 - 9*n - 8. Determine t(i).
6
Let t = -42 - -37. Let v(m) = m**2 + 4*m + 4. Calculate v(t).
9
Let u(k) = 4*k**2 - k - 1. Let y(w) = -w**2. Let j(m) = u(m) + 3*y(m). Let n be -1*(6 + -2) + -3. Let f(c) = -c**2 - 6*c + 6. Let r be f(n). What is j(r)?
1
Let w(k) = k + 2. Let p = 23 - 19. Suppose p*c - 12 = -2*y, 3*y + 14 = 2*y + 3*c. Calculate w(y).
0
Suppose 5*o - 2*x - 8 = 2*o, -5*x + 10 = 0. Let i(a) = -7*a**2 + 3*a + 5. Let c(r) = -11*r**2 + 4*r + 7. Let z(j) = -5*c(j) + 8*i(j). Determine z(o).
5
Let j = 0 - 6. Let g = j - -6. Let f(o) = o - 3. Calculate f(g).
-3
Suppose 0 = -3*x + 5*j + 47, -34 = -2*x + 3*j + j. Suppose 3*m - 2*m + x = 2*q, -m - 3*q = -6. Let a(h) = -2*h**2 - 4*h - 4. Calculate a(m).
-10
Suppose 8 = 2*o - 0*o. Let m(t) = 22*t - 3 - o*t**2 + t**3 - 19*t - t**2. Determine m(4).
-7
Let x(k) = -k - k + 5 - 6 - k**2. Calculate x(-2).
-1
Let b(h) be the third derivative of -h**4/12 - h**3/2 + 36*h**2. What is b(7)?
-17
Let v(p) = -2*p**3 + 19*p**2 - 10*p - 10. Let s(l) = l**3 - 10*l**2 + 5*l + 5. Let o(x) = 5*s(x) + 3*v(x). Let f = 16 + -10. Give o(f).
1
Let d(n) = -n**3 + 7*n**2 - 3. Let p be d(7). Let t(h) = -h + 1. Let o(v) = -5*v + 8. Let s(l) = p*t(l) + o(l). Determine s(5).
-5
Let l(t) = t + 6. Suppose r + 0*u + 16 = 5*u, 0 = -5*r - u - 28. Determine l(r).
0
Let o be -3*(2 + 19/(-9)). Let k(p) be the first derivative of -2 + 0*p + 3*p**2 - o*p**3. What is k(5)?
5
Let c be 2 + (0 + 0 - 2). Let l be c/((1 - -1) + -3). Let v(g) = g**2 + g - 6. What is v(l)?
-6
Let r(h) = -h**3 - 5*h**2 - h - 9. Let m(f) = -f**3 - 2*f**2 + 3*f + 1. Let d be m(-2). Let p be r(d). Let n(k) = k**3 + 3*k**2 - 6*k - 3. Give n(p).
5
Let j(d) be the first derivative of 3*d**2 + 7 - 7*d - 6*d**2 + 4*d**2. Give j(6).
5
Let g(c) be the second derivative of c + 0*c**3 - 1/12*c**4 + 1/2*c**2 + 0. Suppose 5*u - 2 - 3 = 5*k, 5*k + 3*u = -21. Calculate g(k).
-8
Let n(j) be the second derivative of -1/6*j**3 + j**2 + 2*j + 0. Give n(-4).
6
Let j = 17 - 8. Let u(f) = -11*f**2 + 1 + 9*f - j*f. Calculate u(1).
-10
Let v = 4 + -4. Let n(w) = 3*w**2 - 11*w - 12. Let x(m) = m**2 - 4*m - 4. Let g(u) = -3*n(u) + 8*x(u). Determine g(v).
4
Let t be 28/6 + 3/9. Let a(q) = -3*q + 4*q - 2*q. What is a(t)?
-5
Let k = -12 - -6. Let m = k - -7. Suppose -3*h - 2*d + 2 = m, -5*d + 22 = h. Let x(u) = 3*u + 1. What is x(h)?
-8
Let y = 11 + -6. Let m(b) = b**2 + 2 - y*b + 7*b + 3*b. Calculate m(-5).
2
Let o(s) be the third derivative of s**5/10 + 5*s**2. What is o(-1)?
6
Suppose -4*u = -5*f + 9, 3*f + 25 = 4*f + 5*u. Suppose 28 = f*t + 3. Let b(q) = q**2 + 9 - 1 - 4 + q + t. Determine b(0).
9
Let c(b) = -b - 2. Let a(l) = 2 - 2 + 1. Let i(j) = 5*a(j) + 3*c(j). Give i(-2).
5
Let s(a) = -2*a - 2*a + 2*a. Suppose 2*r + 12 = h, 4*h + 5*r + 1 = -3. Suppose -5*k = 3*g - 7 - 18, 0 = h*g - 20. What is s(k)?
-4
Suppose 0 = 4*n - 9*n + 15. Let g(s) = s**3 - s**2 - 2*s - 3. What is g(n)?
9
Let m(v) = -7*v - 1. Let d = -2 - 0. Let l = 4 + d. Let b be 1*(2 + -1 - l). What is m(b)?
6
Suppose 2*g - 2*s + 26 = 0, g - s + 3*s = -4. Let o = g + 14. Let q(i) = -i + 3. What is q(o)?
-1
Let l(o) = -o**3 - 8*o**2 - 6. Let m = 0 + -8. Give l(m).
-6
Let k(p) = 4*p**2 - p + 1. Let i(n) = -n + 12. Let o be i(5). Suppose 2*a + 2*l - o = a, 5*a - 2*l + 1 = 0. Give k(a).
4
Let n(t) = -5*t + 1. Let g = -3 - -3. Suppose o - 3*o + 10 = g. Suppose o*p + 1 = 6. Calculate n(p).
-4
Let k(d) = -3*d. Let q = -5 + 5. Let h be (1 + q - 1)/(-1). Suppose h = -y + 4*y + 6. Determine k(y).
6
Let j(s) = -4*s. Suppose 5 = -5*n + 5*g, -4*n - 25 = -7*n - 4*g. Suppose -10 - 8 = -n*u. Let q be ((-2)/u - 0)*3. What is j(q)?
4
Let z(i) = -i - 3. Let l(m) = m**3 - 4*m**2 + 2*m + 3. Let x be l(3). Let g = x - -2. Suppose 2*n - 4*v = -20, g*n - 4*v - 5 = -5*v. What is z(n)?
-3
Let q(u) = u**3 + 9*u**2 + 10*u + 6. Suppose -20*i - 29 - 131 = 0. Determine q(i).
-10
Let l be ((-15)/(-9))/(3/(-9)). Let o(t) = t**2 + 6*t - 5. Determine o(l).
-10
Let b(i) be the second derivative of i**3 - 3*i**2/2 + 18*i. Give b(2).
9
Let r be 3*-1 + (-8)/(-2). Let w(q) = 11*q**2 + r - 2*q + q**2 + q. Calculate w(1).
12
Let u(z) = -2*z**2 + 2. Let n be u(2). Let q(g) be the third derivative of -g**6/120 - 7*g**5/60 - g**4/4 + 5*g**3/6 + 2*g**2. Give q(n).
5
Let x(q) = q**2 + 4*q - 5. Let v(w) = 1. Let a(j) = -5*v(j) - x(j). Let k = 8 + -12. Determine a(k).
0
Let a(d) = 20*d + 11. Let y(h) = -4*h - 2. Let s(q) = 4*a(q) + 22*y(q). Let r(t) = t - 8. Let u be r(7). What is s(u)?
8
Suppose n = 3*h + 4*n - 18, 0 = 2*h - 2*n. Suppose 0 = h*w + 14 - 47. Suppose -5*z = w + 4. Let q(y) = y**3 + 3*y**2 + 1. Determine q(z).
1
Suppose 0 = 6*f - 2*f. Suppose f*t = t. Let v(u) = u + 3. Calculate v(t).
3
Suppose -46 = -4*k + 2. Suppose -3*l = -6*l - k. Let i(z) = z + 6. What is i(l)?
2
Let r(b) = b**3 + b**2 - 2. Suppose 0*a + 0*a = -7*a. Calculate r(a).
-2
Let y(d) be the second derivative of -d**4/3 + d**3/6 - d**2/2 - d. Suppose 0*p = -p + 1. Calculate y(p).
-4
Let s(g) = g**2 + 6*g - 5. Let k(x) = -x**3 - 5*x**2 + 3*x + 9. Let q be k(-5). Determine s(q).
-5
Let c(s) = 6*s**2 + 10*s + 36. Let i(z) = -z**2 - 2*z - 7. Let a(k) = 2*c(k) + 11*i(k). Give a(4).
3
Let d = 14 + -10. Suppose 4 = p + 3*p. Let z(w) = w**2 + d*w - 3 - 9*w + 1 - p. Determine z(4).
-7
Let g = -7 - -10. Suppose 0 = i - 4*o - 38, -6*i + 2*o + 74 = -g*i. Suppose -10 = -4*c - i. Let p(v) = v - 1. What is p(c)?
-4
Let s(k) = -k**2 - 8*k - 7. Let c(n) = 2*n**2 - 9*n + 4. Let p be c(3). Give s(p).
8
Let s(k) = -k**2 + 3*k + 5. Let u be s(4). Let m be (-4)/(u - (-5)/(-3)). Let q(a) = -m*a - 2*a**3 - a**3 + 4*a**2 + 5*a + 2 + 2*a**3. Determine q(2).
8
Let r(h) = 2 - 25*h + 19*h - 8 + 2*h**2. Calculate r(5).
14
Let a be (-1)/2 - 135/18. Let c(p) = p + 11. Determine c(a).
3
Let h be (-9)/(-18) - 1/2. Let j(v) be the first derivative of v**4/4 + v**3/3 + v**2/2 - 4*v + 2. Determine j(h).
-4
Let r(h) = 5*h**2 - 2*h - 4. Let c(i) = -9*i**2 + 4*i + 7. Let q(z) = -6*c(z) - 11*r(z). Let u = -3 - -7. Let l be u + -1 + 30/(-5). What is q(l)?
-1
Let r(p) be the third derivative of p**2 + 1/120*p**6 + 1/6*p**3 + 0*p**4 + 0 + 0*p**5 + 0*p. Let q(u) = u + 6. Let n be q(-7). Determine r(n).
0
Let g(o) = -o**2 + 8*o**2 - 2*o + 0 - 2. Let j(h) = -8*h**2 + 2*h + 2. Let y(f) = 6*g(f) + 5*j(f). Let v(w) = 2*w - 4. Let c be v(3). What is y(c)?
2
Let f(t) be the first derivative of 3*t**2/2 + 2*t + 109. Suppose -3*a = -3*o + 12, -5*a + 9 = -4*o + 28. What is f(a)?
-7
Let u(x) = x**2 - 14*x + 17. Let f(q) = 15*q - 107. Let g be f(8). Give u(g).
4
Let b be (5*2)/((-2)/6*3). Let n(j) = -j**3 - 10*j**2 + j + 4. Give n(b).
-6
Let j(i) be the third derivative of i**6/120 + 2*i**5/15 - 3*i**4/8 + 5*i**3/6 + 4*i**2. Let n be j(-9). Let l(u) = u**3 - 5*u**2 - 3. What is l(n)?
-3
Let g = 194 + -186. Let d(v) be the second derivative of v**3/6 - 5*v**2 + v. Determine d(g).
-2
Let z = 7 + -4. Let n be 1 - 3/((-3)/2). Suppose 7 = 2*h + z*o, 0 = -8*h + 3*h - n*o + 4. Let q(d) = -2*d**2. Calculate q(h).
-2
Let u(v) = -4*v + 3*v + 5 + 3*v - v. Calculate u(0).
5
Let z be ((-5)/(-1) + -6)*5. Let u(s) = 4*s + 4. Let j(l) = -21*l - 20. Let d(k) = 2*j(k) + 11*u(k). Determine d(z).
-6
Suppose 0 = -8*n + 3*n - 130. Let m be n*1 - 2 - 0. Let a be (-3)/15 - m/(-10). Let z(p) = -2*p. Determine z(a).
6
Let z = -9 + 25. Suppose 3*d = -4*s + z + 6, -10 = -s - 3*d. Let l = s + 0. Let h(o) = -o**2 + 7*o - 4. Give h(l).
8
Let f(s) = -119*s**2. Let o(n) = -5*n**2. Let k(a) = -2*f(a) + 49*o(a). Let i = 2 + -1. Give k(i).
-7
Let s(p) = -3*p - 9. Let i be s(-6). Let k = 3 - i. Let q(g) = g**3 + 6*g**2 + g - 6. Give q(k).
-12
Let r(m) be the first derivative of -3 + 6*m + 0*m**2 - m**2 - 13*m + 3*m. Let v(i) = -2*i**2 - 4*i - 3. Let n be v(-2). Give r(n).
2
Let t(o) = -o**2 - 2*o + 3. Let f(a) = a**3 + 5*a**2 - 8*a - 9. Let u be f(-6). Calculate t(u).
-12
Let s(b) be the first derivative of -b**3/3 - b**2/2 + 3*b + 2. Let u = -26 + 23. Give s(u).
-3
Let y = 21 - -10. Suppose -5*c + y + 9 = 4*l, 4*c = 5*l - 9. Let j(z) = -2*z - 2. What is j(c)?
-10
Let l(c) = c + 1 + c - c + 3. 